{"id":102,"date":"2023-05-18T03:57:19","date_gmt":"2023-05-18T07:57:19","guid":{"rendered":"https:\/\/ticocolocation.fr\/?page_id=102"},"modified":"2024-02-01T23:33:01","modified_gmt":"2024-02-02T03:33:01","slug":"1-2-3-plongez","status":"publish","type":"page","link":"https:\/\/ticocolocation.fr\/index.php\/1-2-3-plongez\/","title":{"rendered":"1 , 2 , 3 Plongez !"},"content":{"rendered":"","protected":false},"excerpt":{"rendered":"<p>Plage? Piscine? Pourquoi choisir?<\/p>\n","protected":false},"author":1,"featured_media":712,"parent":0,"menu_order":3,"comment_status":"open","ping_status":"closed","template":"","meta":{"om_disable_all_campaigns":false,"_monsterinsights_skip_tracking":false,"_monsterinsights_sitenote_active":false,"_monsterinsights_sitenote_note":"","_monsterinsights_sitenote_category":0,"_uf_show_specific_survey":0,"_uf_disable_surveys":false,"footnotes":""},"class_list":["post-102","page","type-page","status-publish","has-post-thumbnail","hentry"],"yoast_head":"<!-- This site is optimized with the Yoast SEO plugin v27.3 - https:\/\/yoast.com\/product\/yoast-seo-wordpress\/ -->\n<title>1 , 2 , 3 Plongez ! - Ti Coco Location<\/title>\n<meta name=\"description\" content=\"Ti Coco Location Profitez de la piscine priv\u00e9, de la plage et du restaurent \u00e0 quelques m\u00e8tres de l&#039;appartement !\" \/>\n<meta name=\"robots\" content=\"index, follow, max-snippet:-1, max-image-preview:large, max-video-preview:-1\" \/>\n<link rel=\"canonical\" href=\"https:\/\/ticocolocation.fr\/index.php\/1-2-3-plongez\/\" \/>\n<meta property=\"og:locale\" content=\"fr_FR\" \/>\n<meta property=\"og:type\" content=\"article\" \/>\n<meta property=\"og:title\" content=\"1 , 2 , 3 Plongez ! - Ti Coco Location\" \/>\n<meta property=\"og:description\" content=\"Ti Coco Location Profitez de la piscine priv\u00e9, de la plage et du restaurent \u00e0 quelques m\u00e8tres de l&#039;appartement !\" \/>\n<meta property=\"og:url\" content=\"https:\/\/ticocolocation.fr\/index.php\/1-2-3-plongez\/\" \/>\n<meta property=\"og:site_name\" content=\"Ti Coco Location\" \/>\n<meta property=\"article:publisher\" content=\"https:\/\/www.facebook.com\/profile.php?id=100092245442940\" \/>\n<meta property=\"article:modified_time\" content=\"2024-02-02T03:33:01+00:00\" \/>\n<meta property=\"og:image\" content=\"https:\/\/ticocolocation.fr\/wp-content\/uploads\/2023\/05\/0f232142-3fa9-41b5-93a4-aedbced1196b-1.jpg\" \/>\n\t<meta property=\"og:image:width\" content=\"1573\" \/>\n\t<meta property=\"og:image:height\" content=\"938\" \/>\n\t<meta property=\"og:image:type\" content=\"image\/jpeg\" \/>\n<meta name=\"twitter:card\" content=\"summary_large_image\" \/>\n<meta name=\"twitter:label1\" content=\"Dur\u00e9e de lecture estim\u00e9e\" \/>\n\t<meta name=\"twitter:data1\" content=\"1 minute\" \/>\n<script type=\"application\/ld+json\" class=\"yoast-schema-graph\">{\"@context\":\"https:\\\/\\\/schema.org\",\"@graph\":[{\"@type\":\"WebPage\",\"@id\":\"https:\\\/\\\/ticocolocation.fr\\\/index.php\\\/1-2-3-plongez\\\/\",\"url\":\"https:\\\/\\\/ticocolocation.fr\\\/index.php\\\/1-2-3-plongez\\\/\",\"name\":\"1 , 2 , 3 Plongez ! - Ti Coco Location\",\"isPartOf\":{\"@id\":\"https:\\\/\\\/ticocolocation.fr\\\/#website\"},\"primaryImageOfPage\":{\"@id\":\"https:\\\/\\\/ticocolocation.fr\\\/index.php\\\/1-2-3-plongez\\\/#primaryimage\"},\"image\":{\"@id\":\"https:\\\/\\\/ticocolocation.fr\\\/index.php\\\/1-2-3-plongez\\\/#primaryimage\"},\"thumbnailUrl\":\"https:\\\/\\\/ticocolocation.fr\\\/wp-content\\\/uploads\\\/2023\\\/05\\\/0f232142-3fa9-41b5-93a4-aedbced1196b-1.jpg\",\"datePublished\":\"2023-05-18T07:57:19+00:00\",\"dateModified\":\"2024-02-02T03:33:01+00:00\",\"description\":\"Ti Coco Location Profitez de la piscine priv\u00e9, de la plage et du restaurent \u00e0 quelques m\u00e8tres de l'appartement !\",\"breadcrumb\":{\"@id\":\"https:\\\/\\\/ticocolocation.fr\\\/index.php\\\/1-2-3-plongez\\\/#breadcrumb\"},\"inLanguage\":\"fr-FR\",\"potentialAction\":[{\"@type\":\"ReadAction\",\"target\":[\"https:\\\/\\\/ticocolocation.fr\\\/index.php\\\/1-2-3-plongez\\\/\"]}]},{\"@type\":\"ImageObject\",\"inLanguage\":\"fr-FR\",\"@id\":\"https:\\\/\\\/ticocolocation.fr\\\/index.php\\\/1-2-3-plongez\\\/#primaryimage\",\"url\":\"https:\\\/\\\/ticocolocation.fr\\\/wp-content\\\/uploads\\\/2023\\\/05\\\/0f232142-3fa9-41b5-93a4-aedbced1196b-1.jpg\",\"contentUrl\":\"https:\\\/\\\/ticocolocation.fr\\\/wp-content\\\/uploads\\\/2023\\\/05\\\/0f232142-3fa9-41b5-93a4-aedbced1196b-1.jpg\",\"width\":1573,\"height\":938},{\"@type\":\"BreadcrumbList\",\"@id\":\"https:\\\/\\\/ticocolocation.fr\\\/index.php\\\/1-2-3-plongez\\\/#breadcrumb\",\"itemListElement\":[{\"@type\":\"ListItem\",\"position\":1,\"name\":\"Accueil\",\"item\":\"https:\\\/\\\/ticocolocation.fr\\\/\"},{\"@type\":\"ListItem\",\"position\":2,\"name\":\"1 , 2 , 3 Plongez !\"}]},{\"@type\":\"WebSite\",\"@id\":\"https:\\\/\\\/ticocolocation.fr\\\/#website\",\"url\":\"https:\\\/\\\/ticocolocation.fr\\\/\",\"name\":\"Ti Coco Location\",\"description\":\"Votre location de vacance en Guadeloupe\",\"publisher\":{\"@id\":\"https:\\\/\\\/ticocolocation.fr\\\/#organization\"},\"alternateName\":\"Ti Coco\",\"potentialAction\":[{\"@type\":\"SearchAction\",\"target\":{\"@type\":\"EntryPoint\",\"urlTemplate\":\"https:\\\/\\\/ticocolocation.fr\\\/?s={search_term_string}\"},\"query-input\":{\"@type\":\"PropertyValueSpecification\",\"valueRequired\":true,\"valueName\":\"search_term_string\"}}],\"inLanguage\":\"fr-FR\"},{\"@type\":\"Organization\",\"@id\":\"https:\\\/\\\/ticocolocation.fr\\\/#organization\",\"name\":\"Ti Coco Location\",\"alternateName\":\"Ti Coco\",\"url\":\"https:\\\/\\\/ticocolocation.fr\\\/\",\"logo\":{\"@type\":\"ImageObject\",\"inLanguage\":\"fr-FR\",\"@id\":\"https:\\\/\\\/ticocolocation.fr\\\/#\\\/schema\\\/logo\\\/image\\\/\",\"url\":\"https:\\\/\\\/ticocolocation.fr\\\/wp-content\\\/uploads\\\/2023\\\/05\\\/Ti-Coco-pour-Illustrations.png\",\"contentUrl\":\"https:\\\/\\\/ticocolocation.fr\\\/wp-content\\\/uploads\\\/2023\\\/05\\\/Ti-Coco-pour-Illustrations.png\",\"width\":1563,\"height\":1563,\"caption\":\"Ti Coco Location\"},\"image\":{\"@id\":\"https:\\\/\\\/ticocolocation.fr\\\/#\\\/schema\\\/logo\\\/image\\\/\"},\"sameAs\":[\"https:\\\/\\\/www.facebook.com\\\/profile.php?id=100092245442940\",\"https:\\\/\\\/www.instagram.com\\\/ti_coco_location\\\/\"]}]}<\/script>\n<!-- \/ Yoast SEO plugin. -->","yoast_head_json":{"title":"1 , 2 , 3 Plongez ! - Ti Coco Location","description":"Ti Coco Location Profitez de la piscine priv\u00e9, de la plage et du restaurent \u00e0 quelques m\u00e8tres de l'appartement !","robots":{"index":"index","follow":"follow","max-snippet":"max-snippet:-1","max-image-preview":"max-image-preview:large","max-video-preview":"max-video-preview:-1"},"canonical":"https:\/\/ticocolocation.fr\/index.php\/1-2-3-plongez\/","og_locale":"fr_FR","og_type":"article","og_title":"1 , 2 , 3 Plongez ! - Ti Coco Location","og_description":"Ti Coco Location Profitez de la piscine priv\u00e9, de la plage et du restaurent \u00e0 quelques m\u00e8tres de l'appartement !","og_url":"https:\/\/ticocolocation.fr\/index.php\/1-2-3-plongez\/","og_site_name":"Ti Coco Location","article_publisher":"https:\/\/www.facebook.com\/profile.php?id=100092245442940","article_modified_time":"2024-02-02T03:33:01+00:00","og_image":[{"width":1573,"height":938,"url":"https:\/\/ticocolocation.fr\/wp-content\/uploads\/2023\/05\/0f232142-3fa9-41b5-93a4-aedbced1196b-1.jpg","type":"image\/jpeg"}],"twitter_card":"summary_large_image","twitter_misc":{"Dur\u00e9e de lecture estim\u00e9e":"1 minute"},"schema":{"@context":"https:\/\/schema.org","@graph":[{"@type":"WebPage","@id":"https:\/\/ticocolocation.fr\/index.php\/1-2-3-plongez\/","url":"https:\/\/ticocolocation.fr\/index.php\/1-2-3-plongez\/","name":"1 , 2 , 3 Plongez ! - Ti Coco Location","isPartOf":{"@id":"https:\/\/ticocolocation.fr\/#website"},"primaryImageOfPage":{"@id":"https:\/\/ticocolocation.fr\/index.php\/1-2-3-plongez\/#primaryimage"},"image":{"@id":"https:\/\/ticocolocation.fr\/index.php\/1-2-3-plongez\/#primaryimage"},"thumbnailUrl":"https:\/\/ticocolocation.fr\/wp-content\/uploads\/2023\/05\/0f232142-3fa9-41b5-93a4-aedbced1196b-1.jpg","datePublished":"2023-05-18T07:57:19+00:00","dateModified":"2024-02-02T03:33:01+00:00","description":"Ti Coco Location Profitez de la piscine priv\u00e9, de la plage et du restaurent \u00e0 quelques m\u00e8tres de l'appartement !","breadcrumb":{"@id":"https:\/\/ticocolocation.fr\/index.php\/1-2-3-plongez\/#breadcrumb"},"inLanguage":"fr-FR","potentialAction":[{"@type":"ReadAction","target":["https:\/\/ticocolocation.fr\/index.php\/1-2-3-plongez\/"]}]},{"@type":"ImageObject","inLanguage":"fr-FR","@id":"https:\/\/ticocolocation.fr\/index.php\/1-2-3-plongez\/#primaryimage","url":"https:\/\/ticocolocation.fr\/wp-content\/uploads\/2023\/05\/0f232142-3fa9-41b5-93a4-aedbced1196b-1.jpg","contentUrl":"https:\/\/ticocolocation.fr\/wp-content\/uploads\/2023\/05\/0f232142-3fa9-41b5-93a4-aedbced1196b-1.jpg","width":1573,"height":938},{"@type":"BreadcrumbList","@id":"https:\/\/ticocolocation.fr\/index.php\/1-2-3-plongez\/#breadcrumb","itemListElement":[{"@type":"ListItem","position":1,"name":"Accueil","item":"https:\/\/ticocolocation.fr\/"},{"@type":"ListItem","position":2,"name":"1 , 2 , 3 Plongez !"}]},{"@type":"WebSite","@id":"https:\/\/ticocolocation.fr\/#website","url":"https:\/\/ticocolocation.fr\/","name":"Ti Coco Location","description":"Votre location de vacance en Guadeloupe","publisher":{"@id":"https:\/\/ticocolocation.fr\/#organization"},"alternateName":"Ti Coco","potentialAction":[{"@type":"SearchAction","target":{"@type":"EntryPoint","urlTemplate":"https:\/\/ticocolocation.fr\/?s={search_term_string}"},"query-input":{"@type":"PropertyValueSpecification","valueRequired":true,"valueName":"search_term_string"}}],"inLanguage":"fr-FR"},{"@type":"Organization","@id":"https:\/\/ticocolocation.fr\/#organization","name":"Ti Coco Location","alternateName":"Ti Coco","url":"https:\/\/ticocolocation.fr\/","logo":{"@type":"ImageObject","inLanguage":"fr-FR","@id":"https:\/\/ticocolocation.fr\/#\/schema\/logo\/image\/","url":"https:\/\/ticocolocation.fr\/wp-content\/uploads\/2023\/05\/Ti-Coco-pour-Illustrations.png","contentUrl":"https:\/\/ticocolocation.fr\/wp-content\/uploads\/2023\/05\/Ti-Coco-pour-Illustrations.png","width":1563,"height":1563,"caption":"Ti Coco Location"},"image":{"@id":"https:\/\/ticocolocation.fr\/#\/schema\/logo\/image\/"},"sameAs":["https:\/\/www.facebook.com\/profile.php?id=100092245442940","https:\/\/www.instagram.com\/ti_coco_location\/"]}]}},"jetpack_sharing_enabled":true,"_links":{"self":[{"href":"https:\/\/ticocolocation.fr\/index.php\/wp-json\/wp\/v2\/pages\/102","targetHints":{"allow":["GET"]}}],"collection":[{"href":"https:\/\/ticocolocation.fr\/index.php\/wp-json\/wp\/v2\/pages"}],"about":[{"href":"https:\/\/ticocolocation.fr\/index.php\/wp-json\/wp\/v2\/types\/page"}],"author":[{"embeddable":true,"href":"https:\/\/ticocolocation.fr\/index.php\/wp-json\/wp\/v2\/users\/1"}],"replies":[{"embeddable":true,"href":"https:\/\/ticocolocation.fr\/index.php\/wp-json\/wp\/v2\/comments?post=102"}],"version-history":[{"count":4,"href":"https:\/\/ticocolocation.fr\/index.php\/wp-json\/wp\/v2\/pages\/102\/revisions"}],"predecessor-version":[{"id":754,"href":"https:\/\/ticocolocation.fr\/index.php\/wp-json\/wp\/v2\/pages\/102\/revisions\/754"}],"wp:featuredmedia":[{"embeddable":true,"href":"https:\/\/ticocolocation.fr\/index.php\/wp-json\/wp\/v2\/media\/712"}],"wp:attachment":[{"href":"https:\/\/ticocolocation.fr\/index.php\/wp-json\/wp\/v2\/media?parent=102"}],"curies":[{"name":"wp","href":"https:\/\/api.w.org\/{rel}","templated":true}]}}